 = 5*p + 5*b - 2065, 0 = -27*b + 22*b - 25. What is the highest common divisor of 76 and p?
38
Suppose 4*k + 5 = 5*k. Suppose -14 = -k*c + 11. Suppose -3*i - 20 = 2*i, -c*v + 4*i + 51 = 0. What is the highest common factor of 1 and v?
1
Let b be 396/42*(4 + 3). Calculate the highest common factor of b and 22.
22
Let q(y) be the third derivative of y**4/24 - y**3/3 + 3*y**2. Let h be q(5). Let v be ((-4)/8)/(h/(-54)). Calculate the highest common factor of 99 and v.
9
Suppose 0 = 2*h + 3*j - 376, 2*j + 186 = h + 3*j. Suppose -25 + 17 = -2*v. Let a be v/2 - (-936)/39. What is the greatest common divisor of h and a?
26
Let g(t) be the second derivative of 2*t + 3/2*t**2 + 0 + 1/2*t**3 + 11/12*t**4. Let y be g(-3). Calculate the highest common divisor of 62 and y.
31
Let b be 6/(-8)*4*-3. What is the greatest common divisor of b and 2?
1
Let z be (76/(-114))/(4/(-966)). What is the highest common factor of z and 253?
23
Suppose 2*j + 281 + 505 = 0. Let t = j - -569. Calculate the highest common divisor of t and 16.
16
Suppose -10 = 2*q - 0*q + 4*i, -10 = 2*i. Suppose 3*s - 151 = -22. Let z = -41 + s. What is the highest common factor of q and z?
1
Suppose -280 = 258*w - 268*w. Calculate the highest common factor of w and 32.
4
Suppose -4*m + p = 17, -p + 0 + 1 = 0. Let v be -1*-4*(-2)/m. Suppose -v*w + 14 = -w. Calculate the highest common factor of 126 and w.
14
Let r = -97 - -150. Calculate the greatest common factor of 583 and r.
53
Let h be 60/(-20)*(-1)/3. Let w(v) = v + 17*v**2 + 15*v**2 - 5*v**2. Let j be w(h). What is the highest common factor of 42 and j?
14
Let h = 6157 + -3250. What is the greatest common factor of 153 and h?
153
Let s = -276 + 288. What is the greatest common factor of s and 516?
12
Let g be ((-1)/(-2))/((-14)/(-364)). Suppose -6 = 4*q - 2. Let m be q + -2 + 2 + g. Calculate the highest common divisor of m and 12.
12
Let z(i) = -30*i - 80. Let x be z(-18). What is the greatest common divisor of x and 20?
20
Let n(d) = -4*d - 7. Let k be n(-4). Suppose 2*m + k = 25. What is the greatest common factor of 12 and m?
4
Suppose -6*x + 2*x + 36 = 0. What is the greatest common divisor of 3 and x?
3
Suppose 1 = -5*c + 6. Suppose -23 = 3*p + 19. Let f = p - -23. What is the greatest common factor of f and c?
1
Suppose x - 5*y + 2*y - 184 = 0, -5*x - 3*y = -938. Let s be 5292/78 + 4/26. Suppose -2*a = 2*a - s. What is the greatest common factor of x and a?
17
Let o(b) be the third derivative of -11*b**4/24 - b**3 + 7*b**2. Let k be o(9). Let m be -1 - (k/3 + 1). What is the highest common factor of m and 11?
11
Let c = -27 + 29. Suppose c = 4*l - 86. Calculate the greatest common factor of l and 22.
22
Let y be (-146)/73 + (462 - 0). What is the greatest common factor of 20 and y?
20
Let y = -141 - -147. What is the highest common divisor of 51 and y?
3
Suppose 11 = 5*n + 1. Suppose 5*m = -n*o + 10 + 31, 20 = -4*m. What is the highest common factor of o and 11?
11
Suppose 0 = r - 5*g - 36, 0 = -4*g + g - 9. Suppose 3*f + 0*f = 693. What is the greatest common factor of r and f?
21
Suppose -121*z + 158*z = 9176. What is the highest common factor of z and 8?
8
Suppose 695 = 27*g + 182. Calculate the highest common divisor of 152 and g.
19
Suppose 3*a - a - 220 = -t, 0 = 4*a - t - 440. Calculate the highest common factor of 20 and a.
10
Let g be 4 + 2 - (-86 + 12). What is the greatest common divisor of 64 and g?
16
Suppose -2*h - 36 = -6*h. Let g be (-1 - 0/(-3)) + -138. Let w = -58 - g. Calculate the highest common factor of w and h.
9
Let c(z) = 4*z - 24. Let i be (246/9)/((-14)/21). Let p = -23 - i. Let m be c(p). Calculate the highest common divisor of 16 and m.
16
Let r(v) = 292*v - 1146. Let n be r(4). Calculate the highest common factor of 1166 and n.
22
Let n = -128 + 198. Calculate the highest common factor of n and 14.
14
Suppose 49 = 3*q - 2*i - 2*i, -5*q - 3*i = -72. Calculate the highest common divisor of 15 and q.
15
Let u(r) = 101*r + 19 + r**2 - 92*r - r**2 - r**2. Let o be u(10). What is the greatest common factor of 9 and o?
9
Suppose 0 = t - 2, 2*t - 148 = 3*i - 702. Calculate the highest common divisor of i and 2.
2
Let z(o) = -o**2 - 8*o - 1. Let t be z(-6). Suppose -14 + 4 = -5*j. Suppose 4*a - 474 = q - 3*q, 10 = -j*q. What is the highest common factor of a and t?
11
Let p be 3 + -1 + 1 - (12 - 10). Calculate the highest common factor of p and 3.
1
Let k = -51 - -86. Let c be (10 - 11)*(-58 + 2). Let b be c/6*30/20. What is the greatest common factor of b and k?
7
Let i = -1080 + 1140. Calculate the highest common divisor of i and 2940.
60
Let l(t) = -t**3 - 9*t**2 - 15*t - 28. Let s be l(-8). Let k = 363 - 223. Calculate the greatest common factor of s and k.
28
Suppose 123 = 4*w + 27. What is the highest common factor of w and 66?
6
Let p = 498 - 350. Suppose -5*m + 533 = p. Let a be 1*-2*7/(-2). What is the highest common factor of a and m?
7
Suppose 8*v = 47 - 15. Suppose p = 2*c + 27, -p + 30 + 5 = -v*c. What is the highest common divisor of 19 and p?
19
Suppose 462 = 9*h - 3*h. Suppose 0 = 2*z + 5*r - 0*r - 2, -20 = 5*r. What is the highest common divisor of z and h?
11
Let b = 824 - 684. Calculate the highest common factor of b and 84.
28
Let x(l) = l**3 - 10*l**2 + 16*l + 3. Let q be x(8). Suppose q*m + 5*v + 8 - 39 = 0, 0 = -5*m + 5*v + 65. What is the greatest common factor of m and 108?
12
Let q = -440 - -458. What is the greatest common factor of q and 450?
18
Let j = 0 + -2. Let g be (4 - -4) + (-2)/j. Let x be (120/104 + 2/(-13))*45. What is the greatest common divisor of x and g?
9
Suppose -618*n + 609*n + 3150 = 0. What is the greatest common factor of 84 and n?
14
Let c(y) = -y**3 + 10*y**2 + 12*y + 15. Let f be 2/7 + (-225)/(-21). Let v be c(f). Calculate the highest common factor of v and 39.
13
Let u(l) = -28*l - 60. Let q be u(-4). Calculate the greatest common factor of 130 and q.
26
Let w be -10 + 13 + 2*-1. Let c be 1*(0 - w) + 1. Suppose 6*u + g = u + 396, c = u + 5*g - 60. What is the greatest common factor of u and 10?
10
Suppose 44 = -5*j + 264. Let m = 3 - 0. Let v be 3 + 3*m/9. What is the greatest common divisor of j and v?
4
Let b = 25 + -23. Let x be ((b - 3) + -2)*-2. Calculate the greatest common factor of x and 18.
6
Let x be 4/12*3 - -1. Suppose -5*z - 45 = -5*d - x*z, -4*z + 45 = 5*d. What is the greatest common factor of d and 36?
9
Let m = -5 - -1. Let s be 8/(5*m/(-10)). Suppose 210 = k + s*k. Calculate the highest common divisor of 6 and k.
6
Let r = -35 - -31. Let x be -2 + 103 + (-1)/(-2)*r. What is the greatest common factor of 11 and x?
11
Let t(h) = 12*h**2 + 8*h - 12. Let s(n) = n**3 + 4*n**2 - 5*n + 2. Let m be s(-5). Let k be t(m). Calculate the greatest common divisor of 416 and k.
52
Suppose 4*l - 132 = -2*t, 4*l = t - 0*l - 48. What is the highest common divisor of 108 and t?
12
Let j be (-40)/(-60)*(34 + 1 - 2). Calculate the greatest common factor of j and 22.
22
Let f(z) = -z**3 + 9. Let a be f(0). Let k(s) = 77*s + 4. Let n be k(1). What is the greatest common factor of a and n?
9
Let l(i) = -6*i - 2. Let p be l(-2). Suppose 5*b - p*b = -100. Calculate the highest common factor of 40 and b.
20
Let k be (4 + 46 + -11)*17. Calculate the highest common factor of k and 153.
51
Let f be (-3)/(-6)*-44*-4. Let i be 99/6*4/6. What is the greatest common divisor of f and i?
11
Suppose 0 = 4*g - 7436 + 1556. Suppose -3*x = -0*x - g. Suppose -278 = -4*p + 4*z + x, -384 = -2*p + 5*z. What is the highest common divisor of p and 24?
24
Let d(l) = 4*l + 49. Let t be d(-6). Suppose 175 = 2*j - j. What is the greatest common divisor of t and j?
25
Let a(w) = -w**3 + w**2 - 3*w - 1. Let q be a(-2). Suppose 4*y - 320 = -4*f, 3*f - 6*y + 7*y = 250. Calculate the highest common divisor of f and q.
17
Suppose -5*g - 5*o = -395, 2*o - 13 = -15. What is the highest common divisor of 180 and g?
20
Suppose -350 = -3*s - 5*h, -3*h + 114 = -s + 2*s. Let v = -680 - -695. What is the greatest common divisor of v and s?
15
Let r be ((-10)/(-25))/1 - 2496/(-10). What is the greatest common divisor of r and 20?
10
Let d be (51 - -4)/(-5)*-3. Let g = -15 + d. What is the greatest common factor of 18 and g?
18
Suppose 224 = 5*s - 21. Calculate the greatest common divisor of 49 and 